{"id":122,"date":"2023-10-11T11:01:35","date_gmt":"2023-10-11T09:01:35","guid":{"rendered":"https:\/\/dansecouple.fr\/?page_id=122"},"modified":"2026-02-19T11:35:48","modified_gmt":"2026-02-19T10:35:48","slug":"nouveautes","status":"publish","type":"page","link":"https:\/\/dansecouple.fr\/index.php\/nouveautes\/","title":{"rendered":"Nouvelles"},"content":{"rendered":"<style>.wp-block-kadence-advancedheading.kt-adv-heading122_7f9a7e-80, .wp-block-kadence-advancedheading.kt-adv-heading122_7f9a7e-80[data-kb-block=\"kb-adv-heading122_7f9a7e-80\"]{text-align:center;font-style:normal;}.wp-block-kadence-advancedheading.kt-adv-heading122_7f9a7e-80 mark.kt-highlight, .wp-block-kadence-advancedheading.kt-adv-heading122_7f9a7e-80[data-kb-block=\"kb-adv-heading122_7f9a7e-80\"] mark.kt-highlight{font-style:normal;color:#f76a0c;-webkit-box-decoration-break:clone;box-decoration-break:clone;padding-top:0px;padding-right:0px;padding-bottom:0px;padding-left:0px;}.wp-block-kadence-advancedheading.kt-adv-heading122_7f9a7e-80 img.kb-inline-image, .wp-block-kadence-advancedheading.kt-adv-heading122_7f9a7e-80[data-kb-block=\"kb-adv-heading122_7f9a7e-80\"] img.kb-inline-image{width:150px;vertical-align:baseline;}<\/style>\n<h1 class=\"kt-adv-heading122_7f9a7e-80 wp-block-kadence-advancedheading\" data-kb-block=\"kb-adv-heading122_7f9a7e-80\">Danse \u00e0 Deux f\u00eate ses 30 ans<\/h1>\n\n\n<style>.wp-block-kadence-advancedheading.kt-adv-heading122_037fb7-10, .wp-block-kadence-advancedheading.kt-adv-heading122_037fb7-10[data-kb-block=\"kb-adv-heading122_037fb7-10\"]{text-align:center;font-style:normal;}.wp-block-kadence-advancedheading.kt-adv-heading122_037fb7-10 mark.kt-highlight, .wp-block-kadence-advancedheading.kt-adv-heading122_037fb7-10[data-kb-block=\"kb-adv-heading122_037fb7-10\"] mark.kt-highlight{font-style:normal;color:#f76a0c;-webkit-box-decoration-break:clone;box-decoration-break:clone;padding-top:0px;padding-right:0px;padding-bottom:0px;padding-left:0px;}.wp-block-kadence-advancedheading.kt-adv-heading122_037fb7-10 img.kb-inline-image, .wp-block-kadence-advancedheading.kt-adv-heading122_037fb7-10[data-kb-block=\"kb-adv-heading122_037fb7-10\"] img.kb-inline-image{width:150px;vertical-align:baseline;}<\/style>\n<p class=\"kt-adv-heading122_037fb7-10 wp-block-kadence-advancedheading\" data-kb-block=\"kb-adv-heading122_037fb7-10\"><strong>Grande soir\u00e9e Dansante le 20 juin<\/strong> \u00e0 la salle des f\u00eates d&rsquo;Ibos<\/p>\n\n\n\n<p>Pas de cours de danse pendant les vacances scolaires (Sauf exceptions)<\/p>\n\n\n\n<p><strong>1\u00b0 Exception : le cours aura lieu le mardi 28 octobre pendant les vacances de Toussaint<\/strong>*<\/p>\n\n\n\n<p>Vacances toussaint du 19 octobre au 2 novembre 2025<\/p>\n\n\n\n<p>Vacances No\u00ebl du 21 d\u00e9cembre au 4 janvier 2026<\/p>\n\n\n\n<p><strong>2\u00b0 Exception : le cours aura lieu le mardi 3 mars pendant les vacances d&rsquo;Hiver<\/strong>*<\/p>\n\n\n\n<p>Vacances d&rsquo;hiver du 22 f\u00e9vrier au 8 mars 2026<\/p>\n\n\n\n<p>vacances de P\u00e2ques du 19 avril au 3 mai 2026<\/p>\n\n\n\n<p>                    <strong> SOIREE DES 30 ANS DE L&rsquo;ASSOCIATION LE SAMEDI 13 JUIN A LA SALLE COMET D&rsquo;IBOS<\/strong><\/p>\n\n\n\n<p><strong>* Ces deux exceptions remplaceront les cours du 5 et du 12 mai qui n&rsquo;auront pas lieu.<\/strong><\/p>\n","protected":false},"excerpt":{"rendered":"<p>Danse \u00e0 Deux f\u00eate ses 30 ans Grande soir\u00e9e Dansante le 20 juin \u00e0 la salle des f\u00eates d&rsquo;Ibos Pas de cours de danse pendant les vacances scolaires (Sauf exceptions) 1\u00b0 Exception : le cours aura lieu le mardi 28 octobre pendant les vacances de Toussaint* Vacances toussaint du 19 octobre au 2 novembre 2025&#8230;<\/p>\n","protected":false},"author":1,"featured_media":0,"parent":0,"menu_order":0,"comment_status":"closed","ping_status":"closed","template":"","meta":{"_kadence_starter_templates_imported_post":false,"_kad_post_transparent":"","_kad_post_title":"","_kad_post_layout":"","_kad_post_sidebar_id":"","_kad_post_content_style":"","_kad_post_vertical_padding":"","_kad_post_feature":"","_kad_post_feature_position":"","_kad_post_header":false,"_kad_post_footer":false,"_kad_post_classname":"","footnotes":""},"class_list":["post-122","page","type-page","status-publish","hentry"],"yoast_head":"<!-- This site is optimized with the Yoast SEO plugin v27.4 - https:\/\/yoast.com\/product\/yoast-seo-wordpress\/ -->\n<title>Nouvelles -<\/title>\n<meta name=\"robots\" content=\"index, follow, max-snippet:-1, max-image-preview:large, max-video-preview:-1\" \/>\n<link rel=\"canonical\" href=\"https:\/\/dansecouple.fr\/index.php\/nouveautes\/\" \/>\n<meta property=\"og:locale\" content=\"fr_FR\" \/>\n<meta property=\"og:type\" content=\"article\" \/>\n<meta property=\"og:title\" content=\"Nouvelles -\" \/>\n<meta property=\"og:description\" content=\"Danse \u00e0 Deux f\u00eate ses 30 ans Grande soir\u00e9e Dansante le 20 juin \u00e0 la salle des f\u00eates d&rsquo;Ibos Pas de cours de danse pendant les vacances scolaires (Sauf exceptions) 1\u00b0 Exception : le cours aura lieu le mardi 28 octobre pendant les vacances de Toussaint* Vacances toussaint du 19 octobre au 2 novembre 2025...\" \/>\n<meta property=\"og:url\" content=\"https:\/\/dansecouple.fr\/index.php\/nouveautes\/\" \/>\n<meta property=\"article:modified_time\" content=\"2026-02-19T10:35:48+00:00\" \/>\n<meta name=\"twitter:card\" content=\"summary_large_image\" \/>\n<meta name=\"twitter:label1\" content=\"Dur\u00e9e de lecture estim\u00e9e\" \/>\n\t<meta name=\"twitter:data1\" content=\"1 minute\" \/>\n<script type=\"application\/ld+json\" class=\"yoast-schema-graph\">{\"@context\":\"https:\\\/\\\/schema.org\",\"@graph\":[{\"@type\":\"WebPage\",\"@id\":\"https:\\\/\\\/dansecouple.fr\\\/index.php\\\/nouveautes\\\/\",\"url\":\"https:\\\/\\\/dansecouple.fr\\\/index.php\\\/nouveautes\\\/\",\"name\":\"Nouvelles -\",\"isPartOf\":{\"@id\":\"https:\\\/\\\/dansecouple.fr\\\/#website\"},\"datePublished\":\"2023-10-11T09:01:35+00:00\",\"dateModified\":\"2026-02-19T10:35:48+00:00\",\"breadcrumb\":{\"@id\":\"https:\\\/\\\/dansecouple.fr\\\/index.php\\\/nouveautes\\\/#breadcrumb\"},\"inLanguage\":\"fr-FR\",\"potentialAction\":[{\"@type\":\"ReadAction\",\"target\":[\"https:\\\/\\\/dansecouple.fr\\\/index.php\\\/nouveautes\\\/\"]}]},{\"@type\":\"BreadcrumbList\",\"@id\":\"https:\\\/\\\/dansecouple.fr\\\/index.php\\\/nouveautes\\\/#breadcrumb\",\"itemListElement\":[{\"@type\":\"ListItem\",\"position\":1,\"name\":\"Accueil\",\"item\":\"https:\\\/\\\/dansecouple.fr\\\/\"},{\"@type\":\"ListItem\",\"position\":2,\"name\":\"Nouvelles\"}]},{\"@type\":\"WebSite\",\"@id\":\"https:\\\/\\\/dansecouple.fr\\\/#website\",\"url\":\"https:\\\/\\\/dansecouple.fr\\\/\",\"name\":\"\",\"description\":\"\",\"potentialAction\":[{\"@type\":\"SearchAction\",\"target\":{\"@type\":\"EntryPoint\",\"urlTemplate\":\"https:\\\/\\\/dansecouple.fr\\\/?s={search_term_string}\"},\"query-input\":{\"@type\":\"PropertyValueSpecification\",\"valueRequired\":true,\"valueName\":\"search_term_string\"}}],\"inLanguage\":\"fr-FR\"}]}<\/script>\n<!-- \/ Yoast SEO plugin. -->","yoast_head_json":{"title":"Nouvelles -","robots":{"index":"index","follow":"follow","max-snippet":"max-snippet:-1","max-image-preview":"max-image-preview:large","max-video-preview":"max-video-preview:-1"},"canonical":"https:\/\/dansecouple.fr\/index.php\/nouveautes\/","og_locale":"fr_FR","og_type":"article","og_title":"Nouvelles -","og_description":"Danse \u00e0 Deux f\u00eate ses 30 ans Grande soir\u00e9e Dansante le 20 juin \u00e0 la salle des f\u00eates d&rsquo;Ibos Pas de cours de danse pendant les vacances scolaires (Sauf exceptions) 1\u00b0 Exception : le cours aura lieu le mardi 28 octobre pendant les vacances de Toussaint* Vacances toussaint du 19 octobre au 2 novembre 2025...","og_url":"https:\/\/dansecouple.fr\/index.php\/nouveautes\/","article_modified_time":"2026-02-19T10:35:48+00:00","twitter_card":"summary_large_image","twitter_misc":{"Dur\u00e9e de lecture estim\u00e9e":"1 minute"},"schema":{"@context":"https:\/\/schema.org","@graph":[{"@type":"WebPage","@id":"https:\/\/dansecouple.fr\/index.php\/nouveautes\/","url":"https:\/\/dansecouple.fr\/index.php\/nouveautes\/","name":"Nouvelles -","isPartOf":{"@id":"https:\/\/dansecouple.fr\/#website"},"datePublished":"2023-10-11T09:01:35+00:00","dateModified":"2026-02-19T10:35:48+00:00","breadcrumb":{"@id":"https:\/\/dansecouple.fr\/index.php\/nouveautes\/#breadcrumb"},"inLanguage":"fr-FR","potentialAction":[{"@type":"ReadAction","target":["https:\/\/dansecouple.fr\/index.php\/nouveautes\/"]}]},{"@type":"BreadcrumbList","@id":"https:\/\/dansecouple.fr\/index.php\/nouveautes\/#breadcrumb","itemListElement":[{"@type":"ListItem","position":1,"name":"Accueil","item":"https:\/\/dansecouple.fr\/"},{"@type":"ListItem","position":2,"name":"Nouvelles"}]},{"@type":"WebSite","@id":"https:\/\/dansecouple.fr\/#website","url":"https:\/\/dansecouple.fr\/","name":"","description":"","potentialAction":[{"@type":"SearchAction","target":{"@type":"EntryPoint","urlTemplate":"https:\/\/dansecouple.fr\/?s={search_term_string}"},"query-input":{"@type":"PropertyValueSpecification","valueRequired":true,"valueName":"search_term_string"}}],"inLanguage":"fr-FR"}]}},"_links":{"self":[{"href":"https:\/\/dansecouple.fr\/index.php\/wp-json\/wp\/v2\/pages\/122","targetHints":{"allow":["GET"]}}],"collection":[{"href":"https:\/\/dansecouple.fr\/index.php\/wp-json\/wp\/v2\/pages"}],"about":[{"href":"https:\/\/dansecouple.fr\/index.php\/wp-json\/wp\/v2\/types\/page"}],"author":[{"embeddable":true,"href":"https:\/\/dansecouple.fr\/index.php\/wp-json\/wp\/v2\/users\/1"}],"replies":[{"embeddable":true,"href":"https:\/\/dansecouple.fr\/index.php\/wp-json\/wp\/v2\/comments?post=122"}],"version-history":[{"count":17,"href":"https:\/\/dansecouple.fr\/index.php\/wp-json\/wp\/v2\/pages\/122\/revisions"}],"predecessor-version":[{"id":1163,"href":"https:\/\/dansecouple.fr\/index.php\/wp-json\/wp\/v2\/pages\/122\/revisions\/1163"}],"wp:attachment":[{"href":"https:\/\/dansecouple.fr\/index.php\/wp-json\/wp\/v2\/media?parent=122"}],"curies":[{"name":"wp","href":"https:\/\/api.w.org\/{rel}","templated":true}]}}